{"id":8,"date":"2016-03-07T16:44:35","date_gmt":"2016-03-07T15:44:35","guid":{"rendered":"http:\/\/nhp-flothmann.de\/?page_id=8"},"modified":"2022-04-19T18:12:57","modified_gmt":"2022-04-19T16:12:57","slug":"willkommen","status":"publish","type":"page","link":"https:\/\/nhp-flothmann.de\/","title":{"rendered":"Willkommen"},"content":{"rendered":"<h2>Herzlich Willkommen in der Naturheilpraxis von Ina Flothmann<\/h2>\n<p>Meine Vorgehensweise in der Praxis orientiert sich an der Traditionellen Europ\u00e4ischen Naturheilkunde.<\/p>\n<p>In der Traditionellen Europ\u00e4ischen Naturheilkunde werden die &#8218;alten und neuen&#8216; Diagnose- und Behandlungsmethoden unseres europ\u00e4ischen Kulturkreises angewendet.<\/p>\n","protected":false},"excerpt":{"rendered":"<p>Herzlich Willkommen in der Naturheilpraxis von Ina Flothmann Meine Vorgehensweise in der Praxis orientiert sich an der Traditionellen Europ\u00e4ischen Naturheilkunde. In der Traditionellen Europ\u00e4ischen Naturheilkunde werden die &#8218;alten und neuen&#8216; Diagnose- und Behandlungsmethoden unseres europ\u00e4ischen Kulturkreises angewendet.<\/p>\n","protected":false},"author":1,"featured_media":0,"parent":0,"menu_order":0,"comment_status":"closed","ping_status":"closed","template":"page-full-width.php","meta":{"footnotes":""},"class_list":["post-8","page","type-page","status-publish","hentry"],"_links":{"self":[{"href":"https:\/\/nhp-flothmann.de\/index.php\/wp-json\/wp\/v2\/pages\/8","targetHints":{"allow":["GET"]}}],"collection":[{"href":"https:\/\/nhp-flothmann.de\/index.php\/wp-json\/wp\/v2\/pages"}],"about":[{"href":"https:\/\/nhp-flothmann.de\/index.php\/wp-json\/wp\/v2\/types\/page"}],"author":[{"embeddable":true,"href":"https:\/\/nhp-flothmann.de\/index.php\/wp-json\/wp\/v2\/users\/1"}],"replies":[{"embeddable":true,"href":"https:\/\/nhp-flothmann.de\/index.php\/wp-json\/wp\/v2\/comments?post=8"}],"version-history":[{"count":13,"href":"https:\/\/nhp-flothmann.de\/index.php\/wp-json\/wp\/v2\/pages\/8\/revisions"}],"predecessor-version":[{"id":255,"href":"https:\/\/nhp-flothmann.de\/index.php\/wp-json\/wp\/v2\/pages\/8\/revisions\/255"}],"wp:attachment":[{"href":"https:\/\/nhp-flothmann.de\/index.php\/wp-json\/wp\/v2\/media?parent=8"}],"curies":[{"name":"wp","href":"https:\/\/api.w.org\/{rel}","templated":true}]}}